re the prime factors of 13246?
2, 37, 179
List the prime factors of 8454.
2, 3, 1409
List the prime factors of 6602.
2, 3301
What are the prime factors of 15034?
2, 7517
List the prime factors of 8112.
2, 3, 13
List the prime factors of 52793.
13, 31, 131
What are the prime factors of 455?
5, 7, 13
What are the prime factors of 353?
353
What are the prime factors of 4590?
2, 3, 5, 17
List the prime factors of 2557.
2557
List the prime factors of 6891.
3, 2297
What are the prime factors of 12352?
2, 193
List the prime factors of 1440.
2, 3, 5
List the prime factors of 17126.
2, 8563
What are the prime factors of 4223?
41, 103
List the prime factors of 1519.
7, 31
What are the prime factors of 4018?
2, 7, 41
What are the prime factors of 11813?
11813
List the prime factors of 335.
5, 67
What are the prime factors of 39190?
2, 5, 3919
What are the prime factors of 54915?
3, 5, 7, 523
List the prime factors of 8911.
7, 19, 67
List the prime factors of 1320.
2, 3, 5, 11
List the prime factors of 1770.
2, 3, 5, 59
What are the prime factors of 84930?
2, 3, 5, 19, 149
What are the prime factors of 20655?
3, 5, 17
List the prime factors of 31872.
2, 3, 83
What are the prime factors of 6947?
6947
List the prime factors of 1054.
2, 17, 31
List the prime factors of 4757.
67, 71
What are the prime factors of 1263?
3, 421
What are the prime factors of 71093?
11, 23, 281
What are the prime factors of 14641?
11
What are the prime factors of 25?
5
List the prime factors of 11323.
13, 67
What are the prime factors of 63044?
2, 15761
List the prime factors of 11441.
17, 673
What are the prime factors of 1118?
2, 13, 43
List the prime factors of 24298.
2, 12149
List the prime factors of 222.
2, 3, 37
What are the prime factors of 581?
7, 83
List the prime factors of 27098.
2, 17, 797
List the prime factors of 22699.
22699
What are the prime factors of 3083?
3083
List the prime factors of 4461.
3, 1487
What are the prime factors of 171166?
2, 23, 61
List the prime factors of 149607.
3, 1847
List the prime factors of 14539.
7, 31, 67
List the prime factors of 3419.
13, 263
List the prime factors of 168768.
2, 3, 293
What are the prime factors of 4490?
2, 5, 449
List the prime factors of 2232.
2, 3, 31
What are the prime factors of 2253?
3, 751
List the prime factors of 23498.
2, 31, 379
List the prime factors of 665.
5, 7, 19
List the prime factors of 6471.
3, 719
What are the prime factors of 3553?
11, 17, 19
List the prime factors of 742.
2, 7, 53
What are the prime factors of 186847?
17, 29, 379
List the prime factors of 28388.
2, 47, 151
List the prime factors of 1461.
3, 487
What are the prime factors of 1034?
2, 11, 47
What are the prime factors of 2339?
2339
List the prime factors of 193.
193
List the prime factors of 6272.
2, 7
List the prime factors of 2145.
3, 5, 11, 13
What are the prime factors of 16901?
16901
What are the prime factors of 847?
7, 11
List the prime factors of 96009.
3, 32003
What are the prime factors of 3959?
37, 107
What are the prime factors of 2020?
2, 5, 101
What are the prime factors of 35207?
17, 19, 109
List the prime factors of 268.
2, 67
List the prime factors of 2233.
7, 11, 29
What are the prime factors of 224?
2, 7
List the prime factors of 5005.
5, 7, 11, 13
What are the prime factors of 988?
2, 13, 19
What are the prime factors of 83?
83
List the prime factors of 53515.
5, 7, 11, 139
What are the prime factors of 1350?
2, 3, 5
List the prime factors of 6024.
2, 3, 251
What are the prime factors of 146572?
2, 36643
List the prime factors of 7392.
2, 3, 7, 11
What are the prime factors of 1773?
3, 197
List the prime factors of 1134.
2, 3, 7
List the prime factors of 152348.
2, 7, 5441
List the prime factors of 4836.
2, 3, 13, 31
What are the prime factors of 21087?
3, 11, 71
List the prime factors of 46.
2, 23
What are the prime factors of 119375?
5, 191
List the prime factors of 5517.
3, 613
List the prime factors of 32520.
2, 3, 5, 271
List the prime factors of 92.
2, 23
What are the prime factors of 1156?
2, 17
List the prime factors of 524.
2, 131
List the prime factors of 989.
23, 43
What are the prime factors of 200105?
5, 31, 1291
What are the prime factors of 3419?
13, 263
What are the prime factors of 758?
2, 379
List the prime factors of 25611.
3, 8537
List the prime factors of 71983.
71983
What are the prime factors of 92091?
3, 30697
What are the prime factors of 1792?
2, 7
List the prime factors of 1577.
19, 83
List the prime factors of 2176.
2, 17
List the prime factors of 34538.
2, 7, 2467
List the prime factors of 2202.
2, 3, 367
List the prime factors of 1958.
2, 11, 89
What are the prime factors of 177?
3, 59
What are the prime factors of 6541?
31, 211
What are the prime factors of 3352?
2, 419
List the prime factors of 15999.
3, 5333
List the prime factors of 9502.
2, 4751
List the prime factors of 17954.
2, 47, 191
List the prime factors of 42964.
2, 23, 467
What are the prime factors of 148098?
2, 3, 24683
List the prime factors of 31.
31
What are the prime factors of 8384?
2, 131
List the prime factors of 7003.
47, 149
List the prime factors of 10231.
13, 787
List the prime factors of 10195.
5, 2039
List the prime factors of 15653.
11, 1423
What are the prime factors of 15773?
15773
What are the prime factors of 137?
137
List the prime factors of 3396.
2, 3, 283
What are the prime factors of 13343?
11, 1213
What are the prime factors of 7320?
2, 3, 5, 61
List the prime factors of 143467.
143467
What are the prime factors of 1210?
2, 5, 11
List the prime factors of 29484.
2, 3, 7, 13
List the prime factors of 6332.
2, 1583
What are the prime factors of 775?
5, 31
What are the prime factors of 153803?
13, 11831
List the prime factors of 138826.
2, 41, 1693
What are the prime factors of 75?
3, 5
What are the prime factors of 126657?
3, 4691
What are the prime factors of 60694?
2, 30347
List the prime factors of 91034.
2, 23, 1979
List the prime factors of 5801.
5801
List the prime factors of 4292.
2, 29, 37
What are the prime factors of 11129?
31, 359
What are the prime factors of 26153?
26153
What are the prime factors of 34471?
34471
What are the prime factors of 13090?
2, 5, 7, 11, 17
What are the prime factors of 82617?
3, 27539
What are the prime factors of 6120?
2, 3, 5, 17
What are the prime factors of 3099?
3, 1033
List the prime factors of 37542.
2, 3, 6257
List the prime factors of 6646.
2, 3323
List the prime factors of 27803.
27803
What are the prime factors of 6809?
11, 619
List the prime factors of 783.
3, 29
List the prime factors of 38176.
2, 1193
What are the prime factors of 10065?
3, 5, 11, 61
List the prime factors of 38852.
2, 11, 883
List the prime factors of 486.
2, 3
List the prime factors of 708.
2, 3, 59
What are the prime factors of 10413?
3, 13, 89
What are the prime factors of 576?
2, 3
List the prime factors of 6505.
5, 1301
List the prime factors of 81.
3
What are the prime factors of 450?
2, 3, 5
List the prime factors of 1862.
2, 7, 19
List the prime factors of 31996.
2, 19, 421
List the prime factors of 1410.
2, 3, 5, 47
List the prime factors of 28448.
2, 7, 127
What are the prime factors of 52855?
5, 11, 31
What are the prime factors of 65570?
2, 5, 79, 83
What are the prime factors of 73630?
2, 5, 37, 199
List the prime factors of 26898.
2, 3, 4483
List the prime factors of 1633.
23, 71
List the prime factors of 18153.
3, 2017
What are the prime factors of 28743?
3, 11, 13, 67
What are the prime factors of 1126?
2, 563
List the prime factors of 3125.
5
What are the prime factors of 562?
2, 281
List the prime factors of 23471.
7, 479
List the prime factors of 14807.
13, 17, 67
What are the prime factors of 13925?
5, 557
List the prime factors of 42.
2, 3, 7
List the prime factors of 4851.
3, 7, 11
What are the prime factors of 97283?
97283
What are the prime factors of 6778?
2, 3389
What are the prime factors of 12568?
2, 1571
What are the prime factors of 129851?
89, 1459
What are the prime factors of 13242?
2, 3, 2207
List the prime factors of 5778.
2, 3, 107
List the prime factors of 19698.
2, 3, 7, 67
What are the prime factors of 1126?
2, 563
What are the prime factors of 583?
11, 53
What are the prime factors of 14678?
2, 41, 179
What are the prime factors o